*i - 9. Give s(-7).
-492
Let r(n) = -4*n**2 + 123*n + 2370. Determine r(-15).
-375
Let z(j) = -64*j - 63. Give z(-1).
1
Let g(m) = 354*m + 18665. What is g(-53)?
-97
Let c(k) = 302*k + 6344. What is c(-21)?
2
Let i(q) = 4604*q - 82879. Calculate i(18).
-7
Let p(j) = -j**3 + 3*j**2 + 51*j - 306. Determine p(6).
-108
Let u(f) = -15*f + 215. Give u(13).
20
Let r(m) = -m**2 - 468*m + 13361. Calculate r(27).
-4
Let g(a) = -a**3 + 662*a**2 - 3285*a + 4. What is g(5)?
4
Let c(s) = 2*s + 34. Determine c(5).
44
Let g(f) = -2*f**3 + 147*f**2 - 415*f - 5247. Give g(70).
3
Let i(d) = d**3 + 12*d**2 - 21*d + 1. Determine i(-14).
-97
Let x(h) = 11*h**2 + 119*h - 498. Calculate x(-14).
-8
Let m(o) = -o**3 + 22*o**2 - 66*o - 105. Give m(18).
3
Let q(p) = -4071*p + 16328. Determine q(4).
44
Let p(m) = -14*m**2 + 23*m - 52. Calculate p(2).
-62
Let n(z) = 7*z**2 - 40*z + 199. Calculate n(6).
211
Let a(d) = -182*d - 1272. Determine a(-7).
2
Let i(r) = -64*r - 290. Give i(-15).
670
Let w(h) = 438*h - 1652. Give w(3).
-338
Let b(h) = h**2 - 49*h - 1051. Calculate b(-16).
-11
Let q(k) = -19*k**2 - 74*k + 7. Give q(-5).
-98
Let r(z) = z**3 + 5*z**2 + 19*z + 43. What is r(-7)?
-188
Let w(k) = -k**2 + 96*k + 200. What is w(-2)?
4
Let o(c) = 4*c**2 - 87*c - 54. What is o(21)?
-117
Let a(r) = r**3 - 130*r**2 - 153*r + 2901. Give a(131).
19
Let l(m) = -m**3 - 32*m**2 - 104*m - 482. Calculate l(-29).
11
Let i(o) = -2*o**3 + 98*o**2 + 6*o - 157. Determine i(49).
137
Let j(r) = 3*r**2 - 3*r - 1444. Calculate j(23).
74
Let t(d) = -2*d**3 + 4*d**2 + 420*d - 1263. Calculate t(3).
-21
Let j(y) = -y**3 + 32*y**2 + 33*y - 16. What is j(33)?
-16
Let u(s) = -285*s**2 + 282*s - 3. What is u(1)?
-6
Let t(u) = -2*u**2 - 73*u - 587. Calculate t(-9).
-92
Let s(q) = q**3 - 36*q**2 + 67*q + 28. Determine s(34).
-6
Let t(w) = -2*w**3 - 46*w**2 - 5*w - 95. Calculate t(-23).
20
Let h(j) = j**3 - 27*j**2 - 55*j - 123. Calculate h(29).
-36
Let k(r) = -7*r**3 + 4*r**2 - 7*r + 17. Give k(2).
-37
Let n(q) = -q**3 - 45*q**2 + 93*q - 43. What is n(-47)?
4
Let j(n) = -339*n**2 - 3*n - 2. Determine j(-1).
-338
Let d(w) = 14*w**3 + 5*w**2 + 74*w + 144. Give d(-2).
-96
Let z(l) = -2*l**3 + 23*l**2 + 18*l - 288. What is z(11)?
31
Let f(i) = -25*i - 1526. What is f(-61)?
-1
Let j(i) = 2*i**2 + 139. Give j(0).
139
Let y(o) = -4*o**3 - 13*o**2 - 6*o + 8. Calculate y(-6).
440
Let z(b) = -b**3 - 124*b**2 - 124*b - 124. Calculate z(-123).
-1
Let v(y) = -2*y**2 + 109*y - 580. What is v(6)?
2
Let g(j) = -323*j - 3123. Determine g(-10).
107
Let i(w) = -3*w**3 + 221*w**2 - 146*w - 90. What is i(73)?
-90
Let t(n) = n**3 - 62*n**2 - 633*n - 85. Determine t(71).
341
Let p(d) = 4*d**2 + 89*d - 1524. Give p(14).
506
Let o(q) = 10*q**2 - 102*q + 33. Give o(9).
-75
Let x(m) = 98*m - 3458. Determine x(35).
-28
Let q(v) = -4869*v - 14613. Determine q(-3).
-6
Let r(a) = 6*a**3 + 63*a**2 - 11*a + 61. Calculate r(-11).
-181
Let s(y) = -y**3 - 4*y**2 + 6*y + 5. Calculate s(-4).
-19
Let i(k) = -7772*k + 7780. Calculate i(1).
8
Let q(s) = 2*s**3 + 98*s**2 + 1177*s + 26. What is q(-28)?
-2
Let l(s) = s**3 + 10*s**2 + 23*s + 9. Determine l(-6).
15
Let o(s) = s**3 + 22*s**2 - 323*s - 19. Determine o(-32).
77
Let k(o) = 48*o**2 - 71*o - 10. Determine k(2).
40
Let y(o) = -50*o - 1048. Calculate y(-24).
152
Let z(u) = u**3 - 36*u**2 - 63. Give z(36).
-63
Let o(a) = a - 153. Determine o(1).
-152
Let g(v) = 121*v - 1099. What is g(9)?
-10
Let r(d) = d**2 - 69*d + 1195. Calculate r(36).
7
Let a(r) = r**3 + 69*r**2 + 180*r - 1203. Give a(-66).
-15
Let a(b) = b**3 + 45*b**2 - 487*b + 4. Give a(9).
-5
Let m(q) = q**2 - 103*q + 2733. Determine m(42).
171
Let n(x) = -x**3 - 70*x**2 - 608*x - 482. Calculate n(-60).
-2
Let p(q) = 673*q - 668. Give p(1).
5
Let f(o) = -2*o**2 - 117*o - 598. Give f(-53).
-15
Let t(j) = -124*j - 5084. What is t(-41)?
0
Let i(k) = -k**2 - 5*k + 21. Give i(-11).
-45
Let g(x) = -x**3 - 6*x**2 + 20*x - 20. What is g(-7)?
-111
Let t(u) = 6*u**2 - 50*u + 160. What is t(5)?
60
Let v(d) = 4*d**3 + d**2 + 7*d + 15. What is v(0)?
15
Let n(w) = 40*w**2 + 357*w - 40. What is n(-9)?
-13
Let m(h) = -h**3 - 123*h**2 - 578*h + 1378. Calculate m(-118).
-38
Let q(s) = s**2 - 34*s + 27. Calculate q(14).
-253
Let w(x) = -48*x + 254. Give w(5).
14
Let r(b) = -3*b**2 - 189*b - 1368. What is r(-55)?
-48
Let k(l) = -2*l**3 - 25*l**2 + 39*l + 333. Calculate k(-13).
-5
Let i(b) = 16*b - 407. What is i(24)?
-23
Let z(l) = -9*l + 58. Determine z(4).
22
Let w(p) = -3*p**2 + 523*p - 5087. What is w(164)?
-3
Let a(d) = -2*d**2 + 8*d + 98. Determine a(-6).
-22
Let i(q) = q**3 - 12*q**2 - 30*q + 31. Determine i(15).
256
Let i(s) = -9*s - 421. Calculate i(-51).
38
Let r(s) = 4*s**2 - 5*s + 115. What is r(9)?
394
Let m(n) = -n**3 + 10*n**2 - 26*n + 149. Calculate m(9).
-4
Let m(z) = -1155*z + 9234. What is m(8)?
-6
Let u(m) = -2*m**2 + 606*m + 3644. Calculate u(-6).
-64
Let j(h) = 15*h**3 + 27*h**2 - 6*h - 8. Calculate j(-1).
10
Let v(x) = -x**3 - 39*x**2 - 309*x - 27. Calculate v(-11).
-16
Let k(c) = -4*c**2 + 96*c + 210. Determine k(26).
2
Let g(a) = -76*a**2 - 6*a - 7. What is g(-1)?
-77
Let h(b) = 32*b**2 + 579*b + 72. Give h(-18).
18
Let y(r) = -119*r + 1131. Determine y(9).
60
Let f(y) = -y**3 - 12*y**2 + 33*y + 432. What is f(-12)?
36
Let c(r) = 7*r**3 - 53*r**2 - 29*r + 37. Determine c(8).
-3
Let a(k) = k**2 + 2430*k + 16956. Give a(-7).
-5
Let a(p) = -p**3 - 7*p**2 + p - 132. Calculate a(-9).
21
Let c(l) = 6*l - 331. Give c(16).
-235
Let h(i) = 43*i + 3308. Determine h(-77).
-3
Let v(w) = 11*w - 308. Determine v(28).
0
Let j(u) = -176*u + 13587. Calculate j(77).
35
Let c(n) = 9*n**2 - 13*n + 98. Give c(5).
258
Let d(w) = -2*w**2 - 376*w - 2877. Calculate d(-180).
3
Let h(n) = -223*n - 3576. Give h(-16).
-8
Let z(n) = 12*n**2 + 1469*n + 606. Determine z(-122).
-4
Let y(v) = -57*v - 35. Determine y(-2).
79
Let c(y) = -y**3 + 73*y**2 - 151*y + 632. Give c(71).
-7
Let s(w) = -w**3 + 7*w**2 + 23*w - 172. Calculate s(7).
-11
Let c(o) = o**3 + 16*o**2 - 22*o - 139. Give c(-17).
-54
Let s(f) = -f**3 + 2*f**2 - 4*f + 1. Determine s(2).
-7
Let i(g) = 3*g**2 + 10*g - 65. Give i(12).
487
Let c(s) = s**3 + 104*s**2 + 306*s + 312. Give c(-101).
9
Let y(x) = 2*x**2 + 36*x - 417. Determine y(-26).
-1
Let d(k) = -k**3 - 10*k**2 + 50*k + 153. What is d(-13)?
10
Let u(h) = -h**3 - 86*h**2 + 79*h - 684. Determine u(-87).
12
Let l(r) = 3*r**3 - 22*r**2 - 11*r + 13. Calculate l(8).
53
Let v(i) = -i**2 - 179*i + 16176. What is v(66)?
6
Let z(t) = -15*t + 1090. What is z(67)?
85
Let t(u) = -u**2 + 42*u - 410. Calculate t(27).
-5
Let b(y) = 22*y**2 - 2*y - 6. Determine b(-2).
86
Let i(a) = 102*a**2 + 17*a + 16. What is i(-1)?
101
Let b(j) = 7*j**2 - 6*j + 96. Give b(7).
397
Let l(v) = 185*v**2 - 11*v + 12. Calculate l(1).
186
Let y(p) = -5*p**2 + 74*p + 50. Calculate y(7).
323
Let m(g) = 188*g + 3757. Give m(-20).
-3
Let q(r) = 1910*r - 91687. Determine q(48).
-7
Let m(j) = -j**3 + 5*j**2 + 40*j - 200. Determine m(5).
0
Let s(j) = 133*j**2 - 931*j + 5. Give s(7).
5
Let w(b) = -b**2 - 14*b + 59. Determine w(-19).
-36
Let t(b) = -2*b**3 + 31*b**2 + 1418*b - 46. Determine t(-20).
-6
Let w(n) = 7*n**2 - 3*n + 2. Determine w(1).
6
Let d(j) = 7*j + 81. Give d(12).
165
Let r(h) = -2*h**3 + 9*h**2 - 16*h + 47. Determine r(8).
-529
Let y(x) = -14*x**2 + 709*x - 442. Calculate y(50).
8
Let d(b) = -b**3 + 96*b**2 + 1055*b + 535. Calculate d(106).
5
Let y(o) = -2*o**3 - 23*o**2 - 16*o + 22. What is y(-12)?
358
Let m(u) = -3*u**3 - 227*u**2 + 84*u + 506. Calculate m(-76).
-102
Let m(k) = k**2 + 13*k - 240. Give m(-27).
138
Let q(m) = -2*m**2 - 49*m - 272. Calculate q(-14).
22
Let b(y) = -54*y**2 - 10043*y + 178. What is b(-186)?
-8
Let u(w) = w**3 - 9*w**2 + 15*w + 6. Determine u(6).
-12
Let x(p) = -p**3 + 34*p**2 + 77*p - 2618. What is x(34)?
0
Let l(z) = 2*z**3 - 30*z**2 - 2866*z + 641. Give l(46).
-3
Let i(z) = z**3 - 28*z**2 + 133*z - 1471. What is i(25)?
-21
Let c(p) = -p**2 - 33*p + 278. Give c(-41).
-50
Let n(c) = -c**3 - 2*c**2 - 4*c + 8. What is n(2)?
-16
Let g(p) = 3*p**3 - 7*p**2 - 14*p + 21. Calculate g(4).
45
Let x(w) = -44*w**2 + 12*w - 12. Determine x(1).
-44
Let t(n) = 163*n + 699. Determine t(-5).
-116
Let w(s) = -73*s**2 + 2*s - 153. Determine w(0).
-153
